be 2/(-14) - 58/(-14). Let j be 1/(b/48*3). What is the greatest common factor of 2 and j?
2
Let b = 215 - 145. Let w(z) = 2*z + 28. Let p be w(-7). Calculate the highest common factor of b and p.
14
Let t be ((-1)/(2/(-4)))/((-4)/(-14)). What is the highest common divisor of t and 2?
1
Suppose 5*h + 59 = 3*r + h, 0 = -5*r + 3*h + 80. What is the highest common factor of r and 13?
13
Let n be (-1 - 6/3) + 24 + 2. What is the greatest common factor of n and 184?
23
Suppose 2*a = -0*v + 3*v + 186, -20 = -5*v. Calculate the greatest common factor of a and 11.
11
Let c be ((-14)/6)/((-5)/90). Let t = -22 + c. What is the greatest common divisor of 30 and t?
10
Let n = 5 - 20. Let u = 18 + n. Calculate the greatest common divisor of u and 33.
3
Let i(y) = y**2 + 5*y + 2. Let b be i(-6). Suppose -4*w + 1 = t, t + t - 2 = 4*w. What is the greatest common divisor of t and b?
1
Let x be 2*(-286)/(-32) + (-12)/(-96). Calculate the greatest common factor of x and 27.
9
Let x = -2 - -5. Suppose v - 123 = -m - 2*v, -x*m = v - 401. Let b be m + 1*(-1 - 2). Calculate the greatest common divisor of b and 12.
12
Suppose 2*l - 175 = -5*m, m + 3*l + 2*l - 58 = 0. What is the greatest common factor of m and 22?
11
Suppose -5*r - 19 = 11. Let a(s) = -s**3 - 5*s**2 + 6*s + 3. Let u be a(r). Calculate the greatest common divisor of u and 3.
3
Suppose 2*r + r = 9. Suppose 0 = r*c + c + 2*b - 124, b - 152 = -5*c. Calculate the highest common factor of c and 20.
10
Let c = 31 - 14. Suppose 0 = x - 2*x + c. Let z be 48/3 + 0 + 1. Calculate the greatest common factor of z and x.
17
Suppose 0 = 5*t - 4*u - 240, -2*u + 2 + 60 = t. Calculate the highest common divisor of t and 78.
26
Let d(t) = -6*t - 9. Let l(q) = 7*q + 8. Let z(f) = -6*d(f) - 5*l(f). Let n be z(0). What is the highest common factor of 2 and n?
2
Suppose -75 = 4*u + 2*z - 395, 80 = u + 4*z. Calculate the greatest common factor of 20 and u.
20
Let p be (2/6)/(1/(-3)). Let d = p + 1. Suppose -z - 2*z + 3 = d. Calculate the highest common factor of z and 11.
1
Let w = 1 + -1. Suppose w = -4*r - 0*r. Suppose 2*o + f + 0*f - 48 = r, -2*o + 48 = -5*f. Calculate the highest common factor of 8 and o.
8
Let z(f) = -f**3 - 4*f**2 - 4. Let i be z(-4). Let o be 12/(-16) + (-19)/i. Suppose -4*a = o - 100. What is the highest common factor of 6 and a?
6
Let b(n) = n + 9. Let x = -5 - -8. Suppose -5*d + x*v - v = 42, 5*v = -4*d - 27. Let t be b(d). What is the greatest common factor of t and 1?
1
Let l(h) = -h**3 + 8*h**2 - 6*h + 4. Let d be l(7). Suppose -j - 4*j = -605. Calculate the greatest common divisor of j and d.
11
Suppose 3*s - 150 = -3*l, s + 4*s - 4*l = 295. Calculate the highest common divisor of 22 and s.
11
Let l(z) be the second derivative of 2/3*z**3 + 0 - z**2 + 4*z. Let n be l(5). What is the greatest common divisor of n and 36?
18
Suppose 3*w - 23 = -2*l, -5*l = 3*w - 16 - 19. Let o(r) = -2*r - 5. Let d be o(-5). Calculate the greatest common divisor of d and w.
5
Suppose 31 = l + 4*f, 0 = -5*l + f - 6*f + 95. Calculate the highest common factor of 45 and l.
15
Suppose 0*z - 78 = -3*z. Suppose -2*m + z = 10. Calculate the highest common divisor of 8 and m.
8
Suppose 0 = 2*j - 0 - 20. What is the highest common factor of 30 and j?
10
Suppose 65 = -11*r + 16*r. Suppose 0 = -4*i - 3*j + 208, 4*j + 56 = i + 4. What is the highest common divisor of r and i?
13
Suppose h - 5*h - 16 = 0, -2*z + 20 = -5*h. Suppose 4*y - 11 = -5*x + y, z = 5*x - 2*y - 26. Calculate the highest common factor of 1 and x.
1
Let c = 94 + -6. Let q = 24 - 13. What is the greatest common divisor of q and c?
11
Suppose 0 = -2*y - 6 + 20. What is the highest common factor of y and 28?
7
Let w be (18/12)/(9/12). Let x be (w/(-5))/(1/(-5)). Calculate the highest common factor of 22 and x.
2
Suppose -f + 3*f + 56 = 0. Let u = f + 126. Let s be u/10 - 1/(-5). What is the highest common divisor of 40 and s?
10
Let r = -4 + 6. Suppose 4*u = b + r*b + 56, 2*b = -5*u + 93. What is the greatest common factor of u and 51?
17
Let b be (-1)/(((-5)/(-225))/(-1)). What is the highest common factor of b and 18?
9
Suppose 0 = -d - 8*u + 3*u - 6, 5*d - 57 = 4*u. Suppose a = -3*t + 4*t - 94, 0 = 4*a - 20. Calculate the highest common factor of d and t.
9
Let w(q) = -11*q - 5. Let m be w(-4). Calculate the greatest common factor of 26 and m.
13
Suppose 4*p = z + 18, -2*z + 3*p - 9 = 2. Calculate the greatest common divisor of 1 and z.
1
Let z = 55 + -47. Let a be (-146)/(-6) + (-4)/12. What is the highest common factor of z and a?
8
Let o(a) = 5*a**2 + 3*a + 3. Let k be o(-3). What is the highest common divisor of k and 39?
39
Suppose 4*r = 185 - 1. Suppose 0 = -3*k - 5*u + 82 + 78, -r = -k + 2*u. What is the highest common divisor of k and 20?
10
Let r(w) = -105*w - 4. Let q be r(-4). Suppose -12*c + q = -8*c. Calculate the highest common divisor of c and 13.
13
Let n = -11 + -34. Let l = 155 + n. What is the greatest common divisor of 11 and l?
11
Let g(z) = -5*z - 3. Let x be g(-3). Suppose l = 6*l - 180. Suppose -3*j - 4*p = -l, 4*j - 4*p - 21 = -1. What is the greatest common factor of j and x?
4
Let t be (-3 - -2) + 3 + 10. Calculate the greatest common factor of t and 12.
12
Suppose 3 = 3*u - 9. Let b(c) = c**3 + 8*c**2 - 10*c + 19. Let n be b(-9). What is the greatest common divisor of u and n?
4
Let b = -7 - -15. Calculate the greatest common factor of b and 2.
2
Suppose 4*l - 22 = 22. Suppose -4*n - 3 = -4*y + 17, -l = n - 4*y. Let m = n - -13. Calculate the highest common divisor of m and 5.
5
Let q be 3/(9/(-6)) + 5. Suppose m = -5*l + 6, 2*m + 4*l = -q*m - 12. Let s be (-24)/m*(-4)/(-3). Calculate the greatest common divisor of s and 56.
8
Let g = 56 + -32. What is the highest common factor of 264 and g?
24
Let g = 32 + -20. What is the highest common divisor of g and 30?
6
Let q = 5 - 2. Let h be 4*(1 + 2)/6. What is the highest common divisor of h and q?
1
Suppose -4*m = -5*a + 836, a + 2*a + m = 488. What is the greatest common factor of a and 41?
41
Let f(g) = -g**2 - 9*g - 7. Let l be f(-6). Let h = 998 + -987. What is the highest common factor of l and h?
11
Suppose -10*r + 753 = -607. Calculate the greatest common factor of 17 and r.
17
Let h(f) = 2*f**2 - 9*f + 11. Let a be h(6). What is the greatest common factor of 203 and a?
29
Let x be (-4)/8 - -21*(-2)/(-4). Calculate the greatest common divisor of x and 25.
5
Let v = -32 - -90. Suppose -3*j = j + 2*s - v, -2*j - 2*s = -34. Let z be ((-48)/(-10))/((-6)/(-135)). What is the greatest common divisor of j and z?
12
Let g(p) = -2*p**3 + 15*p**2 + 8*p + 10. Let o be g(8). Suppose -t + 2*t = 90. Calculate the greatest common factor of t and o.
10
Suppose 2*q - 95 = -23. Let d(y) = y + 36. Let g be d(-12). What is the greatest common factor of g and q?
12
Suppose 0 = -4*x + 27 + 45. Calculate the highest common divisor of x and 9.
9
Let q be -1*(-6)/(6/5). Suppose -3*f + 26 + 28 = -q*x, -3*x = -4*f + 61. Suppose -v + 39 = 2*v. Calculate the highest common divisor of v and f.
13
Let n(a) = a**3 + 7*a**2 + 6*a + 4. Let d be n(-6). Suppose 3*x - 4 = -0*x + r, 0 = d*x + 5*r - 18. Calculate the greatest common divisor of 12 and x.
2
Suppose 4*l = q + 111, -35 = -3*l + 2*q + 47. Calculate the greatest common divisor of 7 and l.
7
Let r = 3 + -2. Suppose 5*u = 4*f - 13, 0*u = 5*f + u - 38. Suppose z + 0*z - f = 0. What is the highest common factor of z and r?
1
Suppose -y - 3*j = -20, 2*y + 3*y - 45 = -4*j. Calculate the highest common factor of 10 and y.
5
Suppose 0 = -a - 0*a. Suppose -v - 5*w + 20 = a, -3*w + 17 = v + 1. Let x = -16 - -26. Calculate the greatest common factor of x and v.
10
Suppose -q = 2*s - 26, -q - 2*q = 4*s - 88. Let p = 5 + 19. Calculate the highest common divisor of q and p.
12
Let d = 52 - 36. Calculate the highest common divisor of d and 32.
16
Let f = -7 + 7. Suppose -j = -f*j - 220. What is the greatest common factor of 20 and j?
20
Let m be (-1 - (-3 + 3))*-3. Suppose -y + 2*d - 1348 = 2*y, 2*y + m*d = -890. Let g be (3/2)/((-24)/y). What is the highest common divisor of 7 and g?
7
Suppose 0*b - b + 5*g + 110 = 0, -5*b + 4*g + 466 = 0. What is the highest common divisor of b and 18?
18
Suppose -b - 3*z = -15, -z + 5 = 1. What is the greatest common divisor 